{"id":46,"date":"2020-02-02T11:23:16","date_gmt":"2020-02-02T09:23:16","guid":{"rendered":"http:\/\/svengielukka.com\/elukkanet\/?page_id=46"},"modified":"2020-02-02T12:09:25","modified_gmt":"2020-02-02T10:09:25","slug":"palvelut","status":"publish","type":"page","link":"http:\/\/svengielukka.com\/elukkanet\/?page_id=46","title":{"rendered":"Palvelut"},"content":{"rendered":"\n<h2 class=\"wp-block-heading\">\u00c4\u00e4nentoisto<\/h2>\n\n\n\n<p>Toimiva esitystekniikka on olennainen osa mink\u00e4 tahansa tapahtuman toteutusta. Toteutan osaavalla otteella tapahtumasi \u00e4\u00e4nentoiston, olipa kyseess\u00e4 sitten pienimuotoiset puutarhajuhlat, karaokeilta tai keskisuuri toritapahtuma. Kysy tarjous! <\/p>\n\n\n\n<h2 class=\"wp-block-heading\">Soitonopetus<\/h2>\n\n\n\n<p>Oletko aloittamassa soittoharrastustusta tai kaipaatko uusia virikkeit\u00e4 jo pidemp\u00e4\u00e4n v\u00e4\u00e4nnetty\u00e4si? Ota rohkeasti yhteytt\u00e4, laitetaan soittohommasi vauhtiin! Instrumentteina p\u00e4\u00e4asiassa kitara ja basso. My\u00f6s piano- ja rumputunnit mahdollisia. Opetuskokemusta l\u00f6ytyy jo noin viidentoista vuoden ajalta, olen my\u00f6s &#8221;papereiden puolesta&#8221; p\u00e4tev\u00f6itynyt opettaja ja musiikkipedagogi.   <\/p>\n\n\n\n<h2 class=\"wp-block-heading\">Ohjelmapalvelut<\/h2>\n\n\n\n<p>Musiikkisis\u00e4ll\u00f6t tilaisuuteesi l\u00f6ytyv\u00e4t sopivaksi tyyliteltyn\u00e4 kokonaisuutena helposti. Koko skaala akustisesta trubaduurivedosta t\u00e4ysimittaiseen rock-showhun unohtamatta kepe\u00e4\u00e4 cocktailjazzia tai perinteisemp\u00e4\u00e4 tanssimusiikkia l\u00f6ytyy helposti &#8211; kysy!<\/p>\n\n\n\n<h2 class=\"wp-block-heading\">\u00c4\u00e4nitys-, miksaus ja musiikkituotanto<\/h2>\n\n\n\n<p>Tarjoan pienimuotoisesti my\u00f6s musiikin tuotantopalveluja. B\u00e4ndi\u00e4\u00e4nitykset joko mobiilisti treenik\u00e4mpill\u00e4nne tai &#8221;omalla pajallani&#8221;  onnistuvat kuten my\u00f6s moniraitamateriaalin miksaus haluttuun formaattiin. Projektiluonteinen \u00e4\u00e4ni- ja musiikkituotanto ja s\u00e4vellysty\u00f6t esimerkiksi videoon, elokuvaan tai peliin onnistuvat tilauksesta. Kysy tarjous!<\/p>\n","protected":false},"excerpt":{"rendered":"<p>\u00c4\u00e4nentoisto Toimiva esitystekniikka on olennainen osa mink\u00e4 tahansa tapahtuman toteutusta. Toteutan osaavalla otteella tapahtumasi \u00e4\u00e4nentoiston, olipa kyseess\u00e4 sitten pienimuotoiset puutarhajuhlat, karaokeilta tai keskisuuri toritapahtuma. Kysy tarjous! Soitonopetus Oletko aloittamassa soittoharrastustusta tai kaipaatko uusia virikkeit\u00e4 jo pidemp\u00e4\u00e4n v\u00e4\u00e4nnetty\u00e4si? Ota rohkeasti yhteytt\u00e4, laitetaan soittohommasi vauhtiin! Instrumentteina p\u00e4\u00e4asiassa kitara ja basso. My\u00f6s piano- ja rumputunnit mahdollisia. Opetuskokemusta l\u00f6ytyy [&hellip;]<\/p>\n","protected":false},"author":1,"featured_media":0,"parent":0,"menu_order":0,"comment_status":"closed","ping_status":"closed","template":"","meta":{"footnotes":""},"class_list":["post-46","page","type-page","status-publish","hentry"],"_links":{"self":[{"href":"http:\/\/svengielukka.com\/elukkanet\/index.php?rest_route=\/wp\/v2\/pages\/46","targetHints":{"allow":["GET"]}}],"collection":[{"href":"http:\/\/svengielukka.com\/elukkanet\/index.php?rest_route=\/wp\/v2\/pages"}],"about":[{"href":"http:\/\/svengielukka.com\/elukkanet\/index.php?rest_route=\/wp\/v2\/types\/page"}],"author":[{"embeddable":true,"href":"http:\/\/svengielukka.com\/elukkanet\/index.php?rest_route=\/wp\/v2\/users\/1"}],"replies":[{"embeddable":true,"href":"http:\/\/svengielukka.com\/elukkanet\/index.php?rest_route=%2Fwp%2Fv2%2Fcomments&post=46"}],"version-history":[{"count":4,"href":"http:\/\/svengielukka.com\/elukkanet\/index.php?rest_route=\/wp\/v2\/pages\/46\/revisions"}],"predecessor-version":[{"id":59,"href":"http:\/\/svengielukka.com\/elukkanet\/index.php?rest_route=\/wp\/v2\/pages\/46\/revisions\/59"}],"wp:attachment":[{"href":"http:\/\/svengielukka.com\/elukkanet\/index.php?rest_route=%2Fwp%2Fv2%2Fmedia&parent=46"}],"curies":[{"name":"wp","href":"https:\/\/api.w.org\/{rel}","templated":true}]}}